ine z(5).
-5
Let v = 6 - -9. Let r be (-3)/v - 52/(-10). Let j = 2 - r. Let q(u) = u - 3. Give q(j).
-6
Let a be (-10)/(-14) + (-12)/(-42). Let d(r) = 0 + r + 1 + a - r**2. Calculate d(0).
2
Let i(d) = -3*d**3 - 3*d**2 - 4*d - 3. Let y(r) = -5*r**3 - 5*r**2 - 8*r - 6. Let s(p) = -7*i(p) + 4*y(p). Calculate s(-2).
1
Suppose -p - 4*v = p + 10, -5*p + 5*v + 20 = 0. Let n be (0/p)/(2 + 0). Let g(i) = -10*i - 34. Let l(h) = 3*h + 11. Let m(t) = 2*g(t) + 7*l(t). Determine m(n).
9
Suppose -b = b - 2. Let i(c) = 4*c - 2*c**2 - 2*c**3 + 3 + c**3 - b - c**2. Calculate i(-3).
-10
Let u(y) = y - 4. Let w(n) = n**2 - 4*n - 5. Let i be w(5). Let f = i + 7. Give u(f).
3
Let w be (-26)/10 - 18/45. Let v(c) be the first derivative of c**2 - 3*c - 1. What is v(w)?
-9
Let j(y) = y**3 + 14*y**2 + 12*y - 8. Let m be j(-13). Let n(w) = -w**3 + 7*w**2 - 1. Let f(h) = h**2 - 1. Let a(k) = 2*f(k) - n(k). Give a(m).
-1
Let s(n) = -5*n - 4. Let p(u) be the second derivative of -11*u**3/6 - 9*u**2/2 + 7*u. Let a(d) = 6*p(d) - 13*s(d). Give a(-4).
2
Let f(y) be the third derivative of y**5/60 - y**4/24 + 5*y**3/3 + y**2. Let z be 2/4*0*-1. Give f(z).
10
Suppose -v = -q, 8 = -3*v + v. Let r(w) be the first derivative of -4*w - 1 - 1/2*w**2. Give r(q).
0
Let r(x) = -x**2 + 4*x - 2. Let q = 29 + -19. Suppose 0 = -4*o + 34 - q. Suppose 2*s - o*s - c + 7 = 0, -2*s = -4*c - 26. Give r(s).
1
Let g(p) = 2*p**2 + 7*p - 11. Let k(a) = a**2 + 4*a - 6. Let d(u) = 4*g(u) - 7*k(u). Determine d(0).
-2
Let r(u) = 6*u**2 - u + 1. Let c be r(1). Let z(j) = -j**2 + 2428*j - 1211*j - 1209*j - 6. What is z(c)?
6
Let v(m) be the second derivative of m**3/6 - 7*m**2/2 - 3*m. Let x be v(10). Let o(q) = -q**3 + 2*q**2 + 4*q - 3. Determine o(x).
0
Let t(l) = -l - 11. Let u = 6 + -1. Suppose 3*k = -4*p - 3, 2 = 2*k - u*p + 4. Let x be (-1 + k)/(-6)*-15. What is t(x)?
-6
Suppose i = 4 - 1. Let b(w) = 2*w**3 + w**3 - w**i + 2*w**2 - 1 + 0. Determine b(-2).
-9
Let d(m) = -m**3 - 2*m**2 - 2. Let i be (-1 + 0)*(-9)/(-1). Let k be (-1)/((-3)/i) - -1. Determine d(k).
-2
Let l = 42 - 40. Let h(f) = f. Calculate h(l).
2
Let l(p) = -p**2 + 8*p - 5. Suppose s - 19 = -5. Let w = s + -8. Give l(w).
7
Let s(i) = -3*i + i + 4 + 2. Suppose c - 21 = -4*u, -u + 4*c - 6 = 2*c. Suppose 5*n + 10 = 0, 0 = -u*d + 4*n - 7*n + 10. What is s(d)?
-2
Let o(f) be the second derivative of f**6/720 - f**5/120 + f**4/12 - f. Let c(u) be the third derivative of o(u). Give c(0).
-1
Let d(u) = 6*u**2 + 0*u**2 - 3*u**2 + 1 - 4*u**2 + 9*u**3. Calculate d(1).
9
Let y(j) = -j**3 + 2*j**2 + 3*j - 4. Let m be (-6 - 56/(-8))*(-3)/(-1). Give y(m).
-4
Let j = -11 + 38. Suppose -4*f + 3 = s, 4 = -4*f + 3*s + j. Let q(g) = 2*g**2 - 2. Calculate q(f).
6
Let t = -1 - 3. Suppose -4*m = 3*n + 7, 4 + 11 = -3*n. Let i(k) = 3 + 0*k - m*k + k. What is i(t)?
7
Let l(b) = 5*b**2 - b + 7. Let h(j) = -j**2 + j. Let w(i) = -4*i**2 - 2*i - 14. Let n(o) = 5*h(o) + w(o). Let f(k) = 7*l(k) + 4*n(k). Calculate f(5).
-7
Let s(b) = -b**2 + 7*b - 3. Suppose 2*n - n = 4. Determine s(n).
9
Let h(i) = 3*i + 6. Let x(y) = 12*y + 24. Let a(l) = -21*h(l) + 5*x(l). Let c(w) = w**2 - 3*w - 2. Let d be c(6). Suppose 0 = -0*n + 4*n + d. Determine a(n).
6
Let n(s) = -s - 4. Let q(c) = c + 5. Let t be 2 - (-1 + 1) - 0. Let w(z) = t*q(z) + 3*n(z). Calculate w(3).
-5
Let l = 4 - 1. Let t(k) = -k + 1 + k**2 + l - 3. Give t(0).
1
Let b(c) = 11*c**3 - 32*c**2 - 5*c - 12. Let j(u) = -7*u**3 + 21*u**2 + 3*u + 8. Let n(d) = -5*b(d) - 8*j(d). What is n(8)?
4
Let z(q) be the first derivative of -q**3/3 + 2*q**2 - 4*q - 42. What is z(3)?
-1
Let o(b) be the third derivative of 7/6*b**3 + 0*b - 1/60*b**5 + b**2 - 1/8*b**4 + 0. Suppose -3*s + 3 = 18. What is o(s)?
-3
Let m(b) be the first derivative of b**4/12 + 7*b**3/6 - 2*b**2 - 4*b + 8. Let u(y) be the first derivative of m(y). Determine u(-4).
-16
Let n(c) = 18 + 3*c - 11 - 4*c. What is n(7)?
0
Suppose 0 = 4*x + b - 8, -4*b = -4*x + 7 + 21. Suppose l - x*v - 2*v + 15 = 0, -5*l + 2*v + 17 = 0. Let n(y) = y - 7. Determine n(l).
-2
Let c(u) = u + 5*u**2 - 5 + 6 - u**2 - 3*u**2. Calculate c(-1).
1
Let q(f) = 6*f + f**3 - 7*f - 3 + f**2 - f. Let r be q(-2). Let k(t) = t - 1. Calculate k(r).
-4
Let b(x) be the first derivative of x**3/3 + 3*x**2/2 + 7. Determine b(-5).
10
Let s(w) = -13*w. Let c(v) = 3*v. Let h(t) = 9*c(t) + 2*s(t). Let o(z) = -4*z - 3. Let a(f) = 4*h(f) - o(f). What is a(-2)?
-13
Let a be (5 - 20)*(-4)/10. Let b(v) = a*v + 3 - 2 - 5*v. Determine b(0).
1
Let u(y) = -2*y - 4. Let a be u(-4). Suppose 0 = -a*d + d. Let l(j) be the first derivative of -j**3/3 + j**2/2 + 3*j - 2. Determine l(d).
3
Let b(o) = -o**2 + 0 + 4*o + 3 - 3. Determine b(5).
-5
Let z(g) = g - 1. Let y be z(3). Let f = y + 2. Suppose 0 = -a + f*a + 12. Let j(u) = -u**2 - 3*u + 3. Determine j(a).
-1
Let g(k) = -2*k - 1. Let r be g(2). Let c = -2 - r. Let p(y) = c + y + 0*y**2 - y**2 + 5*y. Calculate p(5).
8
Let a(o) be the first derivative of o**3/3 + 5*o**2/2 - 5*o + 4. Calculate a(-6).
1
Let x(i) = -10 - 4*i + 7 + 5*i. Let t be x(5). Let c(v) = 0*v + 3*v - 4*v. What is c(t)?
-2
Let z(s) = -s - 3. Let w be (-20)/(-60) - 2/(-6)*-13. Give z(w).
1
Let h(m) = -4*m**3 + m**2 - 7*m + 1. Let g(r) = -9*r**3 + 3*r**2 - 15*r + 3. Let n(b) = -3*g(b) + 7*h(b). Suppose 0 = -q - 2 - 0. What is n(q)?
6
Let w(t) = -t**3 - 2*t**2 + 3*t + 4. Let v be 1/(((-3)/(-17))/(-3)). Let c = 14 + v. What is w(c)?
4
Let j(h) = -h**3 - 5*h**2 + 6*h + 8. Suppose 0 + 36 = -6*s. Calculate j(s).
8
Suppose 2*w - 5 = -2*m + 5, 3*w - 9 = -2*m. Suppose 0 = -2*s - 2 - m. Let a(q) = -q**2 - 6*q - 4. What is a(s)?
4
Let z be (-3 - (-40)/12)*3. Let r be (3 - z)/(-2 + 4). Let b(i) = i**2 + i. Calculate b(r).
2
Let o(j) = -j**3 + 1. Let d be (-60)/5*(-32)/(-6). Let q be d/36 + 4/(-18). Give o(q).
9
Suppose 2*f - 5*h = 3 - 15, 3*f + h + 18 = 0. Let q(c) = c - 2. What is q(f)?
-8
Suppose -4*r + 12 = 3*y + 2, -r = 4*y - 22. Let n(b) = 2*b - 7. Determine n(y).
5
Let z(v) = 6 - 2*v**3 + 0*v + 1 - 5 + v - 3*v**2. Let w = 5 - 7. What is z(w)?
4
Let u(p) = -p**2 + 3*p - 5. Let m(b) = -3*b**2 + 8*b - 14. Let x(n) = -3*m(n) + 8*u(n). Let h(k) = -2*k + 6. Let d be h(5). Let l be d*(3/6 - 0). Give x(l).
6
Let h = -7 + 10. Let k(i) = -9 + 4*i - h*i + 0 + 2. Determine k(3).
-4
Let g(b) be the second derivative of -b**3/2 - 5*b**2/2 + 2*b + 10. Calculate g(-6).
13
Let f = -19 + 19. Let u(k) = -k + 1. Calculate u(f).
1
Suppose 0 = 2*d + 7 + 5. Let i = d - -8. Let j(l) = l**2 + 2*l - 1. Calculate j(i).
7
Suppose -6 = -6*k + 3*k. Let m(s) = -2*s**2 + 1. Determine m(k).
-7
Let f(t) be the second derivative of 1/3*t**3 - 3/2*t**2 + 0 + t - 1/24*t**4. Let b(g) be the first derivative of f(g). Calculate b(-4).
6
Suppose -f - 4*f = 45. Let o(t) = t**3 + 8*t**2 - 8*t + 11. Let z be o(f). Let b(j) = 4*j + 1 + j**2 - j**2 - j**2. Give b(z).
5
Let o(q) = -211*q - 208*q + 424*q - 1. Calculate o(2).
9
Let p(s) = s**2 + 5*s + 4. Suppose j + 0 = 2. Suppose -3*i = j*i + 30. Determine p(i).
10
Let a(f) be the third derivative of f**6/120 + f**5/12 - f**4/3 - f**3 - 7*f**2. Give a(-6).
6
Suppose 4*r - 2*r + 3*h = -4, 4*h + 16 = 0. Suppose 3*g + r = -2. Let f(s) = 2*s - 2. Calculate f(g).
-6
Let u(q) = 1. Let t(v) = -v - 5. Let d(z) = -t(z) - 3*u(z). What is d(3)?
5
Suppose z - 2*z + 4*g - 9 = 0, -z + g = 3. Let v(w) be the first derivative of w**4/4 - w**2/2 - w + 2. Give v(z).
-1
Let g(o) be the first derivative of o**2/2 - o + 16. Determine g(3).
2
Let b = -12 + 24. Suppose 0 = 2*q + b + 2. Let r(n) = n + 3. Give r(q).
-4
Let d(o) = 3*o**3 - 8*o**2 + 6*o - 6. Let l(a) = 7*a**3 - 17*a**2 + 12*a - 12. Let u(q) = 5*d(q) - 2*l(q). Give u(5).
-1
Let d be (-2)/15 - (-116)/(-30). Let t(m) = -1. Let a(l) = -l + 1. Let r = 1 - -3. Let p(j) = r*t(j) - a(j). Determine p(d).
-9
Let d(m) be the first derivative of -4*m**3/3 - m**2 - m - 20. Determine d(-1).
-3
Let h(b) = -b**3 + 6*b**2 - 5*b - 6. Suppose 5*t = 4*u - 4, 1 = -t - u + 2*u. Let a = 5 - t. Give h(a).
-6
Let f(z) = z**3 + 3*z**2 - 2*z - 2. Let t be f(-3). Let i(s) = s**2 - 3*s - 3. Give i(t).
1
Let l(k) = -7*k**3 + 2*k**2 - 2*k - 4. Let g(t) = -14*t**3 + 3*t**2 - 3*t - 7. Let i(w) = 3*g(w) - 5*l(w). Calculate i(1).
-8
Let d(s) = 10*s**2 - s + 4. Let b(u) be the first derivative 